) + (-5)/20. Suppose 0 = 4*r - i - 9, 2*i - i - 12 = -y*r. Give q(r).
1
Let t = 5 + -7. Let f = 2 - t. Suppose 5 + 3 = -f*a. Let v(x) = -x**3 - x**2 - 2*x - 3. Calculate v(a).
5
Suppose 0 = 3*h + 8 + 10. Let j(r) = r**3 + 7*r**2 + 5*r + 4. Calculate j(h).
10
Let t = 3 + -1. Let l(y) = 2*y**2 + 8*y**2 - 4*y**2 - 9*y + 3. Let s(a) = -9*a**2 + 14*a - 5. Let w(u) = -8*l(u) - 5*s(u). Calculate w(t).
-7
Suppose -3*l = 5*m + 3, 2*m = -0*m + 2*l + 2. Let u(t) = -9*t**2 - 2*t + 2*t + m + 1. Suppose 8 = 4*j + 3*r, j - 17 = -2*j - 5*r. Calculate u(j).
-8
Let t(i) = -i**3 + 3*i**2 + 3*i. Let g be t(4). Let a = -1 - -4. Let h(d) = -1 - d + 2 - a. What is h(g)?
2
Let h(z) be the first derivative of z**5/40 - 5*z**4/24 + 4*z**3/3 - 2. Let p(g) be the third derivative of h(g). Let t(i) = 2*i - 6. Let s be t(5). Give p(s).
7
Let w(v) = -3*v**3 + 2*v**2 - 2*v + 1. Let r(c) = -c**2 + 2. Let f be r(-1). Calculate w(f).
-2
Let p be 2 - 12/5*(-26)/(-32). Let g(n) be the second derivative of 0 + p*n**5 - n**3 - 2*n**2 + 1/4*n**4 + 2*n. Determine g(-4).
4
Let v(u) be the second derivative of u**5/20 - u**4/3 - u**3 + 5*u**2/2 - 5*u. Determine v(5).
0
Let f(j) = j**2 + j. Let i(x) = -5*x**2 - 8*x + 5. Let g(a) = -4*f(a) - i(a). Calculate g(-6).
7
Let v = 18 - 13. Suppose v*u - 7 = 18. Let t(g) = -2*g - 1. What is t(u)?
-11
Let x(m) be the second derivative of 1/24*m**4 + 0 - m**2 + 1/6*m**3 + m. Let j(g) be the first derivative of x(g). Give j(-1).
0
Let u = -8 + 2. Let l(v) = 1. Let m(c) = -c. Let k(y) = 5*l(y) - m(y). Determine k(u).
-1
Let y be (0/(-3) - -1)*1. Let q = 22 - 13. Let v(n) = -4 - n + 4 + 3*n**2 - q*n**2. Calculate v(y).
-7
Let s(h) = h**2 - 5*h - 2. Let w be s(6). Let z be 17/5 - w/10. Let v(i) = i. Determine v(z).
3
Let h(z) = z - 1. Let j be h(6). Let w(o) = -o + 8*o + o**2 - j*o - 3. Determine w(-4).
5
Let v be (-10)/(-4) - (-4)/8. Let i(c) = 1 + c**2 - 3 - 1 - c**v. Let j be 0/(1/(-2 - -3)). Determine i(j).
-3
Let c(l) = l + 2. Let y be c(4). Let h be 4/y + (-21)/(-9). Let s = h - 6. Let j(a) = -a**3 - 2*a**2 + a - 1. Give j(s).
5
Suppose -3*c - g = 5, c - 3 = 3*g - 8*g. Let f(t) = 6*t. Determine f(c).
-12
Suppose 2*b - 2*t + 12 = -3*b, 3*b + 16 = -t. Let q = b - -3. Let c(y) = 2*y**2 - y - 1. What is c(q)?
2
Let s = -42 + 45. Let h(j) = j. Give h(s).
3
Let x(s) be the third derivative of 0 - s**3 - 1/8*s**4 - 6*s**2 + 0*s. What is x(-4)?
6
Let g(t) = t**2 + t + 5. Let b be 57/(-19) + 1/2*6. Give g(b).
5
Let u(f) = -f - 4 + 2*f + 2. Calculate u(-5).
-7
Let l(h) = h + 2. Let w = 16 + -20. Let n be (-8)/w + -3 + -5. What is l(n)?
-4
Let i(g) be the third derivative of -1/24*g**4 + 0 + 1/60*g**5 + 0*g + g**2 + g**3. Determine i(0).
6
Let l(z) = z**2 - 6*z + 1. Let c be l(8). Let o = 11 - c. Let n(t) = t + 8. Calculate n(o).
2
Let t(x) = -11. Let b(u) = -u - 23. Let c(h) = 2*b(h) - 5*t(h). Let y = -9 + 21. Let z be y*(6/4 + -1). Calculate c(z).
-3
Suppose 3*n - 2*n - 5 = 0. Let r(k) = -k**2 + 1. Let h(q) = 4*q**2 - 6*q - 1. Let b(m) = -h(m) - 3*r(m). Give b(n).
3
Let w be (-26)/10 + (-2)/5. Let n(l) be the third derivative of -l**6/120 - l**5/15 + l**3/2 + 3*l**2. Give n(w).
-6
Suppose 6*w - 3*w = -9. Suppose 0*g + 4*g = 8. Let n(u) = 5*u + u**g - 4*u - 4 + 0. Give n(w).
2
Let d(b) = -b**3 + 4*b**2 + 5*b - 5. Let z be -1 - (-7 - (1 - 2)). What is d(z)?
-5
Let b(o) = o**3 - 2*o + 1 - 2*o**2 - 3*o**2 + 2*o**2. Calculate b(2).
-7
Let t(h) = -1 + 2*h + 7 - 10. Give t(-3).
-10
Let a(x) = -x**3 + 4*x**2 - 3*x + 1. Let f be ((-10)/(-35))/((-2)/(-14)). Determine a(f).
3
Suppose 2*c - 77 = 5*k - 2*c, c = 3*k + 42. Let v = -11 - k. Let s(a) = 4*a**2 - 4*a + 3. What is s(v)?
11
Let a = -123 + 127. Let l(x) = -2*x + 1. Determine l(a).
-7
Let g(a) = -1 + 2*a - 2 + 5*a**2 + 2 + a**3. Suppose -5*q + 32 - 12 = 0. Suppose -1 = q*x + 15. Calculate g(x).
7
Let q = 9 - 7. Let m be (0 - q)*-2 - 2. Let x(l) = 4*l**2 - 5*l**2 + 3*l**2. Give x(m).
8
Let v(f) be the third derivative of -f**6/120 - f**5/30 + f**4/24 - f**3/3 + 3*f**2. Let i be (-2)/(-6) - (-20)/(-6). Determine v(i).
4
Let o(m) = 4*m + 2. Let l be o(-2). Let i(n) = -n - 5. Let w be i(l). Let f(b) be the third derivative of 3*b**5/20 + b**3/6 - 2*b**2. What is f(w)?
10
Let v(g) = -g + 1. Let k = 2 - 3. Let l = k - 0. Give v(l).
2
Suppose 2*t + 3*c + 10 + 8 = 0, 2*t + 5*c + 26 = 0. Suppose 8 = -4*h + 8*h. Let f(v) = -2 - v**h + 4 - 2*v + 0*v. Give f(t).
-1
Let k(z) = -1 - 7*z - 4*z**2 + 1 + 6*z. Suppose 2*r = 3*q + 5, 2*r - 4*r + 12 = 4*q. Determine k(q).
-5
Suppose -2*r = r - 3*j - 18, 0 = -2*r - j + 15. Let m(z) = -z**2 + 9*z - 3. Calculate m(r).
11
Suppose 5 = -l - 2*x, l - 5*x + 3 - 26 = 0. Let z(u) = -3 + 4*u + u**2 - 2 + l. Let c(j) = -j**3 + j**2 - j - 4. Let s be c(0). Determine z(s).
-2
Let y(w) = w - 8. Let a be y(10). Let c(k) = 4*k**2 + k - 1. Determine c(a).
17
Let q(g) = g - 4. Let i(a) = -a + 5. Let u(z) = 4*i(z) + 5*q(z). Let n = -30 - -26. Give u(n).
-4
Let t(p) = 4 + p**3 - 2 + 0*p**3. Suppose 0 = 5*o + 18 - 8. Calculate t(o).
-6
Let q(z) = -z. Let w(v) = -3*v + 3. Let k(y) = -4*q(y) + 2*w(y). Give k(7).
-8
Let d be ((-2)/4)/(3/36). Let n(i) = -2*i**3 - 10*i**2 - 3*i - 19. Let k(y) = y**3 + 5*y**2 + y + 9. Let w(z) = 13*k(z) + 6*n(z). Calculate w(d).
-3
Let u(g) = -g**2 - 5*g - 3. Let b(r) = r**2 + 7*r + 2. Suppose 2*n = -0*n - 12. Let j be b(n). What is u(j)?
1
Let n(i) = 3*i**2 - 3*i**2 - 5*i - 14 - i**2 + 7. What is n(-5)?
-7
Let z(d) = 2*d + 14. Let f(t) = 3*t + 15. Let k(n) = -3*f(n) + 4*z(n). What is k(0)?
11
Let g(j) = -9 - 5*j**2 + 18*j**2 - 1 - 12*j**2 - 5*j. Determine g(7).
4
Let r(o) = 4*o**3 - o - 1. Let i be 2 - (2 - 0 - 3). Suppose 0 = -3*u - 0*u - 2*y + 5, -13 = -i*u - 4*y. What is r(u)?
-4
Suppose 3 = 2*c - c. Let u(l) be the third derivative of -l**5/60 + l**4/8 + l**3/6 + 2*l**2. Let t be u(c). Let n(r) = r**3 + 2*r - 1. Calculate n(t).
2
Let g(y) = 4*y - 6. Let u(x) = -5*x + 7. Let c(m) = 4*g(m) + 3*u(m). Calculate c(-3).
-6
Let k(f) = 6*f - 2. Let i(p) = 25*p - 9. Let y(s) = 2*i(s) - 9*k(s). Calculate y(3).
-12
Let o(b) be the second derivative of -b**3/6 - 3*b**2 - 2*b. Let l = -94 - -86. What is o(l)?
2
Let k = 4 + -1. Suppose 0 = k*d + 9 - 0. Let c be -1*3/(d/(-1)). Let w(h) = h**3 - 2*h - 1. Calculate w(c).
0
Let a be 18/(-10) + ((-3)/(-5))/(-3). Let n(w) = -5*w**2 + 1. Give n(a).
-19
Let k(v) = v**2 + v + 1. Let o(i) be the first derivative of i**2 + 5. Let w(d) = -k(d) + o(d). Determine w(0).
-1
Let a = -8 + 13. Let n(i) = -i**3 + 4*i**2 + 4*i + 4. Calculate n(a).
-1
Let m(d) = d + 1. Let v be m(1). Let f(x) = -1 - 8*x**3 + 4*x**2 + 3*x**v - 6*x**2. Calculate f(1).
-8
Let r = 7 - 6. Let q(f) = -f + 2. Calculate q(r).
1
Let n(s) = 2*s**3. Let c = -2 - -1. Calculate n(c).
-2
Let k(c) = -7*c**2 - 3*c. Let u(y) = 14*y**2 + 7*y. Let a(n) = -5*k(n) - 2*u(n). Give a(1).
8
Let k = -32 - -51. Let j = 8 - k. Let a = 7 + j. Let o(x) = -x - 1. What is o(a)?
3
Let j(f) = f**2 - 1. Let k(c) = c**2 - c - 1. Let d(m) = m - 7. Let b be d(4). Let v(p) = b*j(p) + 2*k(p). Let g = -3 + 5. Determine v(g).
-7
Let p(t) = -5*t**3 - 6*t**2 + t + 8. Let y(x) = -6*x**3 - 6*x**2 + 9. Let v(h) = 7*p(h) - 6*y(h). Calculate v(5).
12
Let i(b) = -b**2 + 6 - 3*b - 5*b + 0*b + 0*b. Determine i(-8).
6
Suppose 35 - 15 = 4*a. Let t(w) = w**2 - 4*w + 5. Calculate t(a).
10
Let p(m) = 2*m - 1. Suppose -22 + 7 = -5*f. Let h = f - 0. Determine p(h).
5
Let d(v) = 4*v**2 - v + 1. Suppose b + 1 = 5*n - 0*b, 9 = n + 2*b. Let f be d(n). Let j(h) = -2*h + 6. Determine j(f).
-2
Let k(a) = a**3 + 8*a**2 - 5*a - 8. Let d(z) = -z**2 + z + 1. Let l(y) = -4*d(y) - k(y). Give l(-4).
0
Let a(k) = -1 - 8*k + 0*k + k. Determine a(-2).
13
Let m(k) = 7*k**2 - 4*k + 6. Let w(t) = -7*t**2 + 5*t - 7. Let h(b) = 7*m(b) + 6*w(b). Calculate h(-2).
24
Let z = -3 - -6. Suppose 0 = -z*j - 4*k + 16, 0 = j - 2*j - 2*k + 6. Let f = -2 + j. Let m(h) = -h - 1. Calculate m(f).
-3
Let h(s) = 2*s + 3. Suppose -y + 0*b + 5*b + 19 = 0, 4*y + 4*b + 44 = 0. Give h(y).
-9
Let t(p) = p. Let m(b) = b**2 + 4*b + 5. Let o(h) = m(h) - 5*t(h). Calculate o(0).
5
Let n be (4 + -3)*-2 - 3. Let x(m) = m + 2. Calculate x(n).
-3
Let v(b) = -b**2 + 10*b - 4. Let k(q) = q**2 - 9*q + 4. Let w(p) = -7*k(p) - 6*v(p). Let d be 12/4 + (-2 - -3). Give w(d).
-8
Let g 